{"id":2030,"date":"2025-11-13T07:02:48","date_gmt":"2025-11-13T07:02:48","guid":{"rendered":"https:\/\/florea.webwaves.fr\/?post_type=product&#038;p=2030"},"modified":"2025-11-13T07:02:48","modified_gmt":"2025-11-13T07:02:48","slug":"bouquet-du-bonheur","status":"publish","type":"product","link":"https:\/\/florea.webwaves.fr\/?product=bouquet-du-bonheur","title":{"rendered":"Bouquet du bonheur"},"content":{"rendered":"<p><strong>Bouquet du Bonheur \u2013 Fra\u00eecheur tendre et lumineuse<\/strong><br \/>\nOffrez une bouff\u00e9e de bonheur avec le Bouquet du Bonheur, une composition l\u00e9g\u00e8re et joyeuse aux tons pastel. Ce bouquet respire la douceur et la fra\u00eecheur, avec ses roses d\u00e9licates, ses germinis vitamin\u00e9s et ses \u00e9l\u00e9gants lisianthus. Id\u00e9al pour transmettre un message positif, il illumine chaque moment de vie avec simplicit\u00e9 et naturel.<\/p>\n","protected":false},"excerpt":{"rendered":"<p><strong>Bouquet du Bonheur \u2013 Fra\u00eecheur tendre et lumineuse<\/strong><br \/>\nOffrez une bouff\u00e9e de &#8230; <\/p>\n","protected":false},"featured_media":2032,"template":"","meta":[],"product_brand":[],"product_cat":[161,160],"product_tag":[],"class_list":{"0":"post-2030","1":"product","2":"type-product","3":"status-publish","4":"has-post-thumbnail","6":"product_cat-mariage","7":"product_cat-occasions","9":"first","10":"instock","11":"taxable","12":"shipping-taxable","13":"purchasable","14":"product-type-simple"},"_links":{"self":[{"href":"https:\/\/florea.webwaves.fr\/index.php?rest_route=\/wp\/v2\/product\/2030","targetHints":{"allow":["GET"]}}],"collection":[{"href":"https:\/\/florea.webwaves.fr\/index.php?rest_route=\/wp\/v2\/product"}],"about":[{"href":"https:\/\/florea.webwaves.fr\/index.php?rest_route=\/wp\/v2\/types\/product"}],"wp:featuredmedia":[{"embeddable":true,"href":"https:\/\/florea.webwaves.fr\/index.php?rest_route=\/wp\/v2\/media\/2032"}],"wp:attachment":[{"href":"https:\/\/florea.webwaves.fr\/index.php?rest_route=%2Fwp%2Fv2%2Fmedia&parent=2030"}],"wp:term":[{"taxonomy":"product_brand","embeddable":true,"href":"https:\/\/florea.webwaves.fr\/index.php?rest_route=%2Fwp%2Fv2%2Fproduct_brand&post=2030"},{"taxonomy":"product_cat","embeddable":true,"href":"https:\/\/florea.webwaves.fr\/index.php?rest_route=%2Fwp%2Fv2%2Fproduct_cat&post=2030"},{"taxonomy":"product_tag","embeddable":true,"href":"https:\/\/florea.webwaves.fr\/index.php?rest_route=%2Fwp%2Fv2%2Fproduct_tag&post=2030"}],"curies":[{"name":"wp","href":"https:\/\/api.w.org\/{rel}","templated":true}]}}