{"id":2012,"date":"2025-11-13T06:26:41","date_gmt":"2025-11-13T06:26:41","guid":{"rendered":"https:\/\/florea.webwaves.fr\/?post_type=product&#038;p=2012"},"modified":"2025-11-13T06:26:41","modified_gmt":"2025-11-13T06:26:41","slug":"ravenala-madagascariensis","status":"publish","type":"product","link":"https:\/\/florea.webwaves.fr\/?product=ravenala-madagascariensis","title":{"rendered":"Ravenala madagascariensis"},"content":{"rendered":"<p>Le Ravenala madagascariensis, appel\u00e9 aussi \u201cArbre du voyageur\u201d, est une plante exotique impressionnante au port unique. Ses grandes feuilles dispos\u00e9es en \u00e9ventail rappellent un palmier, bien qu\u2019il appartienne \u00e0 une autre famille.<br \/>\nAppr\u00e9ci\u00e9e en ext\u00e9rieur dans les r\u00e9gions chaudes ou en serre, elle offre un effet architectural saisissant et symbolise l\u2019aventure et l\u2019exotisme.<\/p>\n","protected":false},"excerpt":{"rendered":"<p>Plante embl\u00e9matique de Madagascar, c\u00e9l\u00e8bre pour son feuillage en \u00e9ventail spectaculaire &#8230; <\/p>\n","protected":false},"featured_media":2014,"template":"","meta":[],"product_brand":[],"product_cat":[153,149],"product_tag":[],"class_list":{"0":"post-2012","1":"product","2":"type-product","3":"status-publish","4":"has-post-thumbnail","6":"product_cat-exotiques","7":"product_cat-plantes","9":"first","10":"instock","11":"taxable","12":"shipping-taxable","13":"purchasable","14":"product-type-simple"},"_links":{"self":[{"href":"https:\/\/florea.webwaves.fr\/index.php?rest_route=\/wp\/v2\/product\/2012","targetHints":{"allow":["GET"]}}],"collection":[{"href":"https:\/\/florea.webwaves.fr\/index.php?rest_route=\/wp\/v2\/product"}],"about":[{"href":"https:\/\/florea.webwaves.fr\/index.php?rest_route=\/wp\/v2\/types\/product"}],"wp:featuredmedia":[{"embeddable":true,"href":"https:\/\/florea.webwaves.fr\/index.php?rest_route=\/wp\/v2\/media\/2014"}],"wp:attachment":[{"href":"https:\/\/florea.webwaves.fr\/index.php?rest_route=%2Fwp%2Fv2%2Fmedia&parent=2012"}],"wp:term":[{"taxonomy":"product_brand","embeddable":true,"href":"https:\/\/florea.webwaves.fr\/index.php?rest_route=%2Fwp%2Fv2%2Fproduct_brand&post=2012"},{"taxonomy":"product_cat","embeddable":true,"href":"https:\/\/florea.webwaves.fr\/index.php?rest_route=%2Fwp%2Fv2%2Fproduct_cat&post=2012"},{"taxonomy":"product_tag","embeddable":true,"href":"https:\/\/florea.webwaves.fr\/index.php?rest_route=%2Fwp%2Fv2%2Fproduct_tag&post=2012"}],"curies":[{"name":"wp","href":"https:\/\/api.w.org\/{rel}","templated":true}]}}