{"id":1997,"date":"2025-11-13T06:19:29","date_gmt":"2025-11-13T06:19:29","guid":{"rendered":"https:\/\/florea.webwaves.fr\/?post_type=product&#038;p=1997"},"modified":"2025-11-13T06:19:58","modified_gmt":"2025-11-13T06:19:58","slug":"grand-calamondin","status":"publish","type":"product","link":"https:\/\/florea.webwaves.fr\/?product=grand-calamondin","title":{"rendered":"Grand Calamondin"},"content":{"rendered":"<p>Le Grand Calamondin (Citrus mitis) est un petit arbre fruitier hybride entre le kumquat et la mandarine. Tr\u00e8s appr\u00e9ci\u00e9 pour son port compact et son feuillage vert lustr\u00e9, il se distingue par ses petits fruits orange vif \u00e0 la fois d\u00e9coratifs et comestibles, au go\u00fbt acidul\u00e9.<br \/>\nId\u00e9al en pot sur une terrasse, un balcon ou dans une v\u00e9randa, le Calamondin aime la lumi\u00e8re et les emplacements ensoleill\u00e9s, mais se cultive aussi facilement en int\u00e9rieur lumineux. Il appr\u00e9cie un arrosage r\u00e9gulier sans exc\u00e8s et un sol bien drain\u00e9.<br \/>\nEn plus de son charme visuel, il diffuse un parfum subtil et agr\u00e9able, notamment lors de la floraison. Son allure \u00e9l\u00e9gante et sa fructification g\u00e9n\u00e9reuse en font une plante parfaite pour apporter couleur, vitalit\u00e9 et raffinement \u00e0 votre espace de vie ou \u00e0 votre jardin.<\/p>\n","protected":false},"excerpt":{"rendered":"<p>Le Grand Calamondin est un agrume ornemental au feuillage brillant et &#8230; <\/p>\n","protected":false},"featured_media":1999,"template":"","meta":[],"product_brand":[],"product_cat":[149,152],"product_tag":[],"class_list":{"0":"post-1997","1":"product","2":"type-product","3":"status-publish","4":"has-post-thumbnail","6":"product_cat-plantes","7":"product_cat-plantes-rares","9":"first","10":"instock","11":"taxable","12":"shipping-taxable","13":"purchasable","14":"product-type-simple"},"_links":{"self":[{"href":"https:\/\/florea.webwaves.fr\/index.php?rest_route=\/wp\/v2\/product\/1997","targetHints":{"allow":["GET"]}}],"collection":[{"href":"https:\/\/florea.webwaves.fr\/index.php?rest_route=\/wp\/v2\/product"}],"about":[{"href":"https:\/\/florea.webwaves.fr\/index.php?rest_route=\/wp\/v2\/types\/product"}],"wp:featuredmedia":[{"embeddable":true,"href":"https:\/\/florea.webwaves.fr\/index.php?rest_route=\/wp\/v2\/media\/1999"}],"wp:attachment":[{"href":"https:\/\/florea.webwaves.fr\/index.php?rest_route=%2Fwp%2Fv2%2Fmedia&parent=1997"}],"wp:term":[{"taxonomy":"product_brand","embeddable":true,"href":"https:\/\/florea.webwaves.fr\/index.php?rest_route=%2Fwp%2Fv2%2Fproduct_brand&post=1997"},{"taxonomy":"product_cat","embeddable":true,"href":"https:\/\/florea.webwaves.fr\/index.php?rest_route=%2Fwp%2Fv2%2Fproduct_cat&post=1997"},{"taxonomy":"product_tag","embeddable":true,"href":"https:\/\/florea.webwaves.fr\/index.php?rest_route=%2Fwp%2Fv2%2Fproduct_tag&post=1997"}],"curies":[{"name":"wp","href":"https:\/\/api.w.org\/{rel}","templated":true}]}}