{"id":1887,"date":"2025-11-02T06:40:34","date_gmt":"2025-11-02T06:40:34","guid":{"rendered":"https:\/\/florea.webwaves.fr\/?post_type=product&#038;p=1887"},"modified":"2025-11-02T06:40:56","modified_gmt":"2025-11-02T06:40:56","slug":"bouquet-theodore","status":"publish","type":"product","link":"https:\/\/florea.webwaves.fr\/?product=bouquet-theodore","title":{"rendered":"Bouquet Th\u00e9odore"},"content":{"rendered":"<p data-start=\"390\" data-end=\"622\">Rencontrez Th\u00e9odore, un bouquet raffin\u00e9 et lumineux, pens\u00e9 comme une ode \u00e0 la douceur de l\u2019automne. Sa\u00a0<strong data-start=\"497\" data-end=\"533\">palette de tons neutres et dor\u00e9s<\/strong>, relev\u00e9e de nuances plus chaudes, m\u00eale les teintes sable, miel et dor\u00e9.<\/p>\n<p data-start=\"624\" data-end=\"905\">Dans cette composition, les\u00a0<strong data-start=\"652\" data-end=\"673\">graines d\u00e9licates<\/strong>\u00a0et les\u00a0<strong data-start=\"681\" data-end=\"704\">feuillages textur\u00e9s<\/strong>\u00a0cr\u00e9ent un jeu de volumes tout en subtilit\u00e9. Les tiges naturelles apportent un relief doux et un charme rustique, tandis que l\u2019ensemble conserve l\u2019\u00e9l\u00e9gance sobre propre aux cr\u00e9ations Flowrette.<\/p>\n<p data-start=\"907\" data-end=\"1095\">Th\u00e9odore c\u00e9l\u00e8bre la mati\u00e8re et les textures : c&rsquo;est un bouquet au style intemporel, facile \u00e0 accorder, qui r\u00e9chauffe l\u2019int\u00e9rieur en un clin d\u2019\u0153il.<\/p>\n<p data-start=\"907\" data-end=\"1095\">Une autre envie ? D\u00e9couvrez nos autres\u00a0bouquets de fleurs s\u00e9ch\u00e9es\u00a0ou retrouvez l&rsquo;ensemble de\u00a0nos cr\u00e9ations en fleurs s\u00e9ch\u00e9es.<\/p>\n","protected":false},"excerpt":{"rendered":"<p>Rencontrez Th\u00e9odore, un bouquet raffin\u00e9 et lumineux, pens\u00e9 comme une ode &#8230; <\/p>\n","protected":false},"featured_media":1889,"template":"","meta":[],"product_brand":[],"product_cat":[156,154],"product_tag":[],"class_list":{"0":"post-1887","1":"product","2":"type-product","3":"status-publish","4":"has-post-thumbnail","6":"product_cat-fleurs-eternelles","7":"product_cat-nos-fleurs","9":"first","10":"instock","11":"taxable","12":"shipping-taxable","13":"purchasable","14":"product-type-simple"},"_links":{"self":[{"href":"https:\/\/florea.webwaves.fr\/index.php?rest_route=\/wp\/v2\/product\/1887","targetHints":{"allow":["GET"]}}],"collection":[{"href":"https:\/\/florea.webwaves.fr\/index.php?rest_route=\/wp\/v2\/product"}],"about":[{"href":"https:\/\/florea.webwaves.fr\/index.php?rest_route=\/wp\/v2\/types\/product"}],"wp:featuredmedia":[{"embeddable":true,"href":"https:\/\/florea.webwaves.fr\/index.php?rest_route=\/wp\/v2\/media\/1889"}],"wp:attachment":[{"href":"https:\/\/florea.webwaves.fr\/index.php?rest_route=%2Fwp%2Fv2%2Fmedia&parent=1887"}],"wp:term":[{"taxonomy":"product_brand","embeddable":true,"href":"https:\/\/florea.webwaves.fr\/index.php?rest_route=%2Fwp%2Fv2%2Fproduct_brand&post=1887"},{"taxonomy":"product_cat","embeddable":true,"href":"https:\/\/florea.webwaves.fr\/index.php?rest_route=%2Fwp%2Fv2%2Fproduct_cat&post=1887"},{"taxonomy":"product_tag","embeddable":true,"href":"https:\/\/florea.webwaves.fr\/index.php?rest_route=%2Fwp%2Fv2%2Fproduct_tag&post=1887"}],"curies":[{"name":"wp","href":"https:\/\/api.w.org\/{rel}","templated":true}]}}